{"id":112,"date":"2022-02-07T11:07:06","date_gmt":"2022-02-07T10:07:06","guid":{"rendered":"https:\/\/serviceexperts.fr\/?page_id=112"},"modified":"2025-06-11T16:26:59","modified_gmt":"2025-06-11T14:26:59","slug":"ajouter-supprimer-un-compte-client-au-portefeuille","status":"publish","type":"page","link":"https:\/\/serviceexperts.fr\/index.php\/ajouter-supprimer-un-compte-client-au-portefeuille\/","title":{"rendered":"Ajouter \/ Supprimer un compte client au portefeuille"},"content":{"rendered":"<p>[et_pb_section fb_built=\u00a0\u00bb1&Prime; _builder_version=\u00a0\u00bb4.16&Prime; _module_preset=\u00a0\u00bbdefault\u00a0\u00bb background_color=\u00a0\u00bb#EFF2FF\u00a0\u00bb display_conditions=\u00a0\u00bbW10=\u00a0\u00bb custom_padding=\u00a0\u00bb0px|||||\u00a0\u00bb global_colors_info=\u00a0\u00bb{}\u00a0\u00bb][et_pb_row _builder_version=\u00a0\u00bb4.16&Prime; _module_preset=\u00a0\u00bbdefault\u00a0\u00bb global_colors_info=\u00a0\u00bb{}\u00a0\u00bb][et_pb_column type=\u00a0\u00bb4_4&Prime; _builder_version=\u00a0\u00bb4.16&Prime; _module_preset=\u00a0\u00bbdefault\u00a0\u00bb global_colors_info=\u00a0\u00bb{}\u00a0\u00bb][et_pb_text _builder_version=\u00a0\u00bb4.16&Prime; _dynamic_attributes=\u00a0\u00bblink_option_url\u00a0\u00bb _module_preset=\u00a0\u00bbdefault\u00a0\u00bb text_font=\u00a0\u00bb|||||||#0071CE|\u00a0\u00bb text_text_color=\u00a0\u00bb#0071CE\u00a0\u00bb max_width=\u00a0\u00bb40%\u00a0\u00bb module_alignment=\u00a0\u00bbleft\u00a0\u00bb link_option_url=\u00a0\u00bb@ET-DC@eyJkeW5hbWljIjp0cnVlLCJjb250ZW50IjoiaG9tZV91cmwiLCJzZXR0aW5ncyI6e319@\u00a0\u00bb locked=\u00a0\u00bboff\u00a0\u00bb global_colors_info=\u00a0\u00bb{}\u00a0\u00bb text_text_color__hover_enabled=\u00a0\u00bbon|hover\u00a0\u00bb text_text_color__hover=\u00a0\u00bb#0071CE\u00a0\u00bb]<\/p>\n<p>\u2190 Retour \u00e0 l&rsquo;accueil<\/p>\n<p>[\/et_pb_text][et_pb_text _builder_version=\u00a0\u00bb4.27.4&Prime; _module_preset=\u00a0\u00bbdefault\u00a0\u00bb text_font=\u00a0\u00bbCircular regular|600|||||||\u00a0\u00bb text_text_color=\u00a0\u00bb#0071CE\u00a0\u00bb text_font_size=\u00a0\u00bb26px\u00a0\u00bb header_font=\u00a0\u00bbCircular regular||||||||\u00a0\u00bb text_orientation=\u00a0\u00bbcenter\u00a0\u00bb global_colors_info=\u00a0\u00bb{}\u00a0\u00bb]<\/p>\n<p>Je rencontre des difficult\u00e9s pour Ajouter\/Supprimer un compte client \u00e0 mon portefeuille<\/p>\n<p>[\/et_pb_text][\/et_pb_column][\/et_pb_row][et_pb_row _builder_version=\u00a0\u00bb4.27.4&Prime; _module_preset=\u00a0\u00bbdefault\u00a0\u00bb global_colors_info=\u00a0\u00bb{}\u00a0\u00bb][et_pb_column type=\u00a0\u00bb4_4&Prime; _builder_version=\u00a0\u00bb4.16&Prime; _module_preset=\u00a0\u00bbdefault\u00a0\u00bb global_colors_info=\u00a0\u00bb{}\u00a0\u00bb][et_pb_text _builder_version=\u00a0\u00bb4.27.4&Prime; _module_preset=\u00a0\u00bbdefault\u00a0\u00bb text_font_size=\u00a0\u00bb16px\u00a0\u00bb hover_enabled=\u00a0\u00bb0&Prime; custom_css_free_form=\u00a0\u00bb.et_pb_icon_0 .et_pb_icon_wrap, .et-pb-icon{||  color: #cc2900;||  font-size: 24px;||}\u00a0\u00bb global_colors_info=\u00a0\u00bb{}\u00a0\u00bb sticky_enabled=\u00a0\u00bb0&Prime;]<\/p>\n<p>Quelques rappels :<\/p>\n<p>Vous pouvez g\u00e9rer votre portefeuille clients en toute autonomie (employeurs et ind\u00e9pendants) en ajoutant ou supprimant des clients depuis votre espace en ligne sur <a href=\"https:\/\/www.urssaf.fr\/accueil.html\">urssaf.fr<\/a><\/p>\n<p>Consulter le mode d&#8217;emploi : <a href=\"https:\/\/www.urssaf.fr\/accueil\/services\/services-tiers-declarants\/service-expert-comptable\/ajout_suppression_client_EC.html\">Ajouter ou supprimer un client<\/a><\/p>\n<p>Pour ajouter un client au portefeuille, celui-ci doit \u00eatre immatricul\u00e9 par l\u2019Urssaf.<\/p>\n<p>Pour les comptes \u00ab Employeurs \u00bb, le d\u00e9p\u00f4t de la DSN active automatiquement le rattachement \u00e0 votre portefeuille<\/p>\n<p>Si malgr\u00e9 ces consignes, vous rencontrez une difficult\u00e9 pour int\u00e9grer <strong>un client g\u00e9r\u00e9 par l\u2019Urssaf Midi-Pyr\u00e9n\u00e9es ou par l\u2019Urssaf Languedoc-Roussillon<\/strong>, vous pouvez utiliser le formulaire ci-apr\u00e8s<\/p>\n<p><span class=\"et-pb-icon et-pb-normal-icon\">\ue063<\/span><span style=\"color: #cc2900;\"> Ce site est d\u00e9di\u00e9 \u00e0 l&rsquo;\u00e9change de donn\u00e9es entreprise. Si vous avez besoin de transmettre des donn\u00e9es salari\u00e9s ou dirigeants, merci de nous les faire parvenir via le compte Urssaf en ligne de l&rsquo;entreprise.<\/span><\/p>\n<p>[\/et_pb_text][dvppl_cf7_styler cf7=\u00a0\u00bb1409&Prime; form_background_color=\u00a0\u00bb#ffffff\u00a0\u00bb form_label_spacing=\u00a0\u00bb0px\u00a0\u00bb _builder_version=\u00a0\u00bb4.19.5&Prime; _module_preset=\u00a0\u00bbdefault\u00a0\u00bb labels_font=\u00a0\u00bb||||||||\u00a0\u00bb labels_text_color=\u00a0\u00bb#1A428A\u00a0\u00bb labels_font_size=\u00a0\u00bb16px\u00a0\u00bb custom_submit_button=\u00a0\u00bbon\u00a0\u00bb submit_button_text_size=\u00a0\u00bb16px\u00a0\u00bb submit_button_bg_color=\u00a0\u00bb#0071CE\u00a0\u00bb submit_button_border_width=\u00a0\u00bb1px\u00a0\u00bb submit_button_border_color=\u00a0\u00bb#0071CE\u00a0\u00bb global_colors_info=\u00a0\u00bb{}\u00a0\u00bb submit_button_bg_color__hover_enabled=\u00a0\u00bbon|hover\u00a0\u00bb submit_button_border_color__hover=\u00a0\u00bb#0071CE\u00a0\u00bb submit_button_border_color__hover_enabled=\u00a0\u00bbon|hover\u00a0\u00bb submit_button_text_color__hover=\u00a0\u00bb#0071CE\u00a0\u00bb submit_button_text_color__hover_enabled=\u00a0\u00bbon|desktop\u00a0\u00bb submit_button_bg_color__hover=\u00a0\u00bb#0071CE\u00a0\u00bb][\/dvppl_cf7_styler][\/et_pb_column][\/et_pb_row][\/et_pb_section]<\/p>\n","protected":false},"excerpt":{"rendered":"<p>\u2190 Retour \u00e0 l&rsquo;accueilJe rencontre des difficult\u00e9s pour Ajouter\/Supprimer un compte client \u00e0 mon portefeuilleQuelques rappels : Vous pouvez g\u00e9rer votre portefeuille clients en toute autonomie (employeurs et ind\u00e9pendants) en ajoutant ou supprimant des clients depuis votre espace en ligne sur urssaf.fr Consulter le mode d&#8217;emploi : Ajouter ou supprimer un client Pour ajouter un [&hellip;]<\/p>\n","protected":false},"author":1,"featured_media":0,"parent":0,"menu_order":0,"comment_status":"closed","ping_status":"closed","template":"","meta":{"_et_pb_use_builder":"on","_et_pb_old_content":"","_et_gb_content_width":"","footnotes":""},"class_list":["post-112","page","type-page","status-publish","hentry"],"_links":{"self":[{"href":"https:\/\/serviceexperts.fr\/index.php\/wp-json\/wp\/v2\/pages\/112","targetHints":{"allow":["GET"]}}],"collection":[{"href":"https:\/\/serviceexperts.fr\/index.php\/wp-json\/wp\/v2\/pages"}],"about":[{"href":"https:\/\/serviceexperts.fr\/index.php\/wp-json\/wp\/v2\/types\/page"}],"author":[{"embeddable":true,"href":"https:\/\/serviceexperts.fr\/index.php\/wp-json\/wp\/v2\/users\/1"}],"replies":[{"embeddable":true,"href":"https:\/\/serviceexperts.fr\/index.php\/wp-json\/wp\/v2\/comments?post=112"}],"version-history":[{"count":14,"href":"https:\/\/serviceexperts.fr\/index.php\/wp-json\/wp\/v2\/pages\/112\/revisions"}],"predecessor-version":[{"id":28770,"href":"https:\/\/serviceexperts.fr\/index.php\/wp-json\/wp\/v2\/pages\/112\/revisions\/28770"}],"wp:attachment":[{"href":"https:\/\/serviceexperts.fr\/index.php\/wp-json\/wp\/v2\/media?parent=112"}],"curies":[{"name":"wp","href":"https:\/\/api.w.org\/{rel}","templated":true}]}}